r of 51 and 204?
51
Calculate the highest common factor of 6771 and 1281.
183
Calculate the greatest common divisor of 37 and 481.
37
What is the highest common divisor of 178 and 4?
2
Calculate the highest common factor of 68 and 459.
17
Calculate the highest common divisor of 174 and 87.
87
What is the greatest common divisor of 851 and 92?
23
Calculate the greatest common divisor of 195 and 741.
39
What is the greatest common divisor of 26 and 2704?
26
What is the highest common factor of 119 and 14?
7
Calculate the highest common divisor of 1254 and 114.
114
What is the highest common divisor of 176 and 2684?
44
What is the greatest common factor of 371 and 583?
53
Calculate the highest common divisor of 2982 and 90.
6
Calculate the greatest common factor of 130 and 50.
10
What is the greatest common divisor of 574 and 14?
14
What is the greatest common factor of 970 and 50?
10
What is the highest common divisor of 66 and 594?
66
Calculate the greatest common factor of 96 and 2592.
96
What is the highest common factor of 1712 and 107?
107
What is the greatest common divisor of 12 and 54?
6
What is the highest common factor of 16 and 48?
16
Calculate the greatest common factor of 406 and 154.
14
Calculate the greatest common factor of 11 and 330.
11
Calculate the greatest common factor of 899 and 31.
31
Calculate the highest common factor of 14 and 3661.
7
Calculate the highest common divisor of 837 and 23157.
279
What is the greatest common factor of 48 and 640?
16
What is the greatest common factor of 68 and 12070?
34
Calculate the highest common divisor of 85 and 272.
17
What is the highest common factor of 12447 and 27?
27
Calculate the highest common factor of 7084 and 28.
28
What is the highest common factor of 663 and 2703?
51
What is the highest common factor of 132 and 48?
12
Calculate the highest common factor of 296 and 14800.
296
What is the greatest common factor of 198 and 88?
22
Calculate the greatest common divisor of 52 and 1222.
26
Calculate the greatest common factor of 23954 and 14.
14
What is the highest common factor of 216 and 81?
27
What is the greatest common divisor of 25290 and 90?
90
Calculate the highest common factor of 7497 and 294.
147
Calculate the highest common factor of 90 and 16820.
10
What is the greatest common factor of 2752 and 640?
64
Calculate the greatest common factor of 190 and 3154.
38
What is the greatest common factor of 220 and 176?
44
Calculate the highest common factor of 1314 and 18.
18
What is the highest common divisor of 7 and 9?
1
Calculate the greatest common factor of 12 and 9.
3
Calculate the highest common factor of 102 and 6.
6
Calculate the highest common factor of 12 and 42.
6
What is the highest common factor of 756 and 15?
3
What is the greatest common factor of 44 and 11374?
22
Calculate the highest common factor of 30 and 530.
10
What is the greatest common factor of 3750 and 150?
150
Calculate the greatest common factor of 6 and 831.
3
What is the highest common divisor of 96 and 2?
2
What is the highest common factor of 21 and 6237?
21
What is the highest common factor of 6 and 4?
2
Calculate the highest common factor of 2618 and 42.
14
Calculate the greatest common divisor of 48 and 240.
48
What is the greatest common divisor of 689 and 26?
13
What is the highest common factor of 37 and 407?
37
Calculate the greatest common factor of 1375 and 275.
275
What is the highest common factor of 304 and 2052?
76
What is the highest common factor of 3027 and 6?
3
Calculate the highest common factor of 93 and 20832.
93
Calculate the greatest common factor of 49 and 36309.
49
What is the highest common divisor of 36 and 1563?
3
What is the greatest common factor of 10 and 1415?
5
What is the greatest common factor of 2144 and 1742?
134
What is the highest common divisor of 14 and 6139?
7
What is the greatest common factor of 1780 and 40?
20
What is the highest common divisor of 70 and 28?
14
What is the highest common factor of 1596 and 1330?
266
Calculate the highest common factor of 576 and 45.
9
What is the highest common factor of 3735 and 9?
9
What is the highest common factor of 1758 and 3?
3
Calculate the greatest common divisor of 496 and 6727.
31
Calculate the greatest common divisor of 43 and 24553.
43
What is the highest common divisor of 392 and 245?
49
Calculate the highest common factor of 38 and 42.
2
What is the highest common divisor of 240 and 540?
60
Calculate the greatest common divisor of 90 and 1305.
45
What is the greatest common divisor of 340 and 15164?
68
Calculate the highest common factor of 56 and 10136.
56
Calculate the highest common factor of 5361 and 6.
3
What is the greatest common factor of 60 and 100?
20
What is the highest common divisor of 3293 and 178?
89
What is the greatest common divisor of 273 and 336?
21
Calculate the greatest common divisor of 1034 and 418.
22
What is the greatest common divisor of 487 and 2?
1
What is the greatest common divisor of 867 and 357?
51
What is the greatest common divisor of 11 and 176?
11
Calculate the highest common factor of 7 and 168.
7
Calculate the highest common factor of 722 and 209.
19
Calculate the greatest common factor of 30 and 560.
10
What is the highest common divisor of 30 and 135?
15
What is the greatest common divisor of 36 and 852?
12
Calculate the highest common divisor of 176 and 6028.
44
What is the greatest common factor of 65 and 1105?
65
What is the highest common factor of 36 and 1152?
36
Calculate the greatest common divisor of 589 and 93.
31
Calculate the highest common factor of 2183 and 767.
59
Calculate the highest common divisor of 8055 and 45.
45
Calculate the greatest common divisor of 177 and 2773.
59
Calculate the highest common factor of 99 and 275.
11
Calculate the highest common divisor of 445 and 89.
89
Calculate the highest common divisor of 1127 and 392.
49
Calculate the greatest common factor of 14 and 14.
14
Calculate the greatest common factor of 340 and 1105.
85
Calculate the greatest common divisor of 73696 and 56.
56
Calculate the greatest common divisor of 7336 and 56.
56
Calculate the highest common divisor of 15 and 600.
15
What is the highest common divisor of 912 and 12?
12
What is the highest common divisor of 105 and 1925?
35
What is the highest common factor of 825 and 75?
75
What is the greatest common factor of 10 and 10?
10
What is the highest common divisor of 35 and 30?
5
Calculate the highest common factor of 32 and 456.
8
Calculate the greatest common divisor of 707 and 56.
7
Calculate the greatest common divisor of 210 and 45.
15
What is the highest common factor of 27 and 27?
27
Calculate the greatest common divisor of 35 and 1057.
7
What is the greatest common factor of 17 and 40698?
17
What is the highest common divisor of 160 and 20480?
160
Calculate the greatest common factor of 116 and 1508.
116
What is the greatest common factor of 21 and 1337?
7
Calculate the greatest common factor of 13271 and 23.
23
What is the greatest common divisor of 282 and 1034?
94
Calculate the highest common factor of 143 and 77.
11
What is the highest common factor of 14 and 4298?
14
What is the highest common divisor of 256 and 32?
32
Calculate the highest common divisor of 2388 and 132.
12
Calculate the highest common factor of 1765 and 23651.
353
Calculate the greatest common factor of 27 and 29943.
27
Calculate the greatest common divisor of 10 and 3005.
5
Calculate the highest common divisor of 240 and 36.
12
What is the highest common divisor of 1456 and 91?
91
What is the highest common divisor of 2025 and 25?
25
Calculate the greatest common factor of 156 and 468.
156
Calculate the highest common factor of 58 and 522.
58
What is the highest common divisor of 1008 and 1071?
63
What is the highest common divisor of 3034 and 148?
74
What is the greatest common factor of 260 and 100?
20
Calculate the highest common divisor of 470 and 1034.
94
Calculate the highest common divisor of 70 and 182.
14
Calculate the highest common factor of 33 and 99.
33
Calculate the highest common divisor of 782 and 340.
34
Calculate the greatest common divisor of 40 and 40.
40
What is the highest common factor of 108 and 12564?
36
What is the highest common divisor of 51 